28 a factor of 112685912?
False
Is 14341468 a multiple of 1298?
False
Is 10423 a factor of 5109365023?
True
Is 594 a factor of 75598974?
True
Is 365 a factor of 19993969?
False
Does 18902 divide 3920906179?
False
Does 158 divide 439604032?
True
Does 90 divide 105911550?
True
Does 174 divide 3020546?
False
Is 11 a factor of 16598322?
False
Is 997 a factor of 2030112871?
False
Is 227 a factor of 1278718240?
True
Is 3076791327 a multiple of 984?
False
Does 3408 divide 1486432884?
False
Is 53736023 a multiple of 4?
False
Does 39 divide 8443266?
True
Does 52 divide 1231618462?
False
Is 36096959 a multiple of 127?
False
Is 5 a factor of 288582920?
True
Is 63796270 a multiple of 881?
False
Is 996 a factor of 131295708?
True
Is 936 a factor of 466829064?
True
Is 5792238 a multiple of 249?
True
Is 1690 a factor of 602034052?
False
Does 2 divide 779075?
False
Is 5 a factor of 126382685?
True
Does 77 divide 3247097046?
False
Is 6 a factor of 549070908?
True
Is 4 a factor of 58760342?
False
Is 15526631 a multiple of 1080?
False
Is 13 a factor of 1165884714?
False
Does 950 divide 39423100?
True
Does 36 divide 104998680?
True
Is 2273 a factor of 7998687?
True
Is 2125605744 a multiple of 153?
True
Is 410 a factor of 733331408?
False
Is 27212224 a multiple of 64?
True
Is 16 a factor of 1419873504?
True
Is 110 a factor of 173348010?
True
Is 10799277 a multiple of 9?
False
Is 9 a factor of 632775951?
True
Is 292 a factor of 116944629?
False
Does 19 divide 71218747?
False
Is 976784994 a multiple of 134?
False
Does 681 divide 508082346?
False
Is 141 a factor of 37621562?
False
Is 480603566 a multiple of 50?
False
Is 3489498628 a multiple of 77?
True
Does 16 divide 420487216?
True
Is 271695135 a multiple of 501?
False
Does 3563 divide 301937815?
False
Is 32292755 a multiple of 1067?
True
Is 10994774 a multiple of 969?
False
Does 570 divide 2001032880?
True
Is 13 a factor of 63731869?
False
Is 6 a factor of 7431577?
False
Is 111600410 a multiple of 34?
True
Is 1224 a factor of 126916537?
False
Does 27 divide 96046965?
True
Is 346020705 a multiple of 14?
False
Does 2119 divide 141703017?
False
Is 63844384 a multiple of 544?
True
Is 6 a factor of 1132951866?
True
Is 2264541300 a multiple of 2100?
True
Does 5 divide 2392395?
True
Is 5293 a factor of 1947808121?
True
Does 8 divide 1034404327?
False
Is 3853365 a multiple of 5?
True
Is 85 a factor of 17092860?
False
Is 7 a factor of 15855379?
False
Does 118 divide 133487581?
False
Does 25 divide 3827100?
True
Is 1364 a factor of 101290640?
True
Is 27 a factor of 1016519213?
False
Does 221 divide 72743255?
True
Is 25468967 a multiple of 32?
False
Does 3430 divide 506113650?
True
Is 592372312 a multiple of 389?
True
Is 822436 a multiple of 4?
True
Does 5564 divide 1313076180?
True
Is 1745415744 a multiple of 4848?
True
Is 7830 a factor of 37451583?
False
Is 62941186 a multiple of 7?
True
Is 5802 a factor of 2610215364?
True
Is 5856886 a multiple of 334?
False
Does 18 divide 6862608?
True
Is 73388814 a multiple of 492?
False
Is 631446480 a multiple of 42?
True
Is 7 a factor of 295781177?
False
Is 1178 a factor of 484542082?
False
Does 1577 divide 258650078?
True
Is 734 a factor of 3998406280?
True
Is 34 a factor of 257814486?
True
Does 62 divide 1102349079?
False
Is 57688359 a multiple of 103?
False
Does 3411 divide 40834090?
False
Is 579401257 a multiple of 19?
True
Is 146605 a multiple of 9?
False
Is 291713640 a multiple of 60?
True
Is 5126583 a multiple of 29?
False
Is 73762432 a multiple of 664?
True
Is 180 a factor of 364819797?
False
Does 473 divide 228077797?
False
Is 30574381 a multiple of 29?
True
Does 6 divide 178360604?
False
Does 19 divide 12050237?
True
Is 126151576 a multiple of 409?
False
Is 3418 a factor of 94282840?
False
Is 21724730 a multiple of 301?
False
Is 34316550 a multiple of 45?
True
Does 378 divide 81033126?
False
Is 1643 a factor of 21500298?
True
Is 62 a factor of 25685050?
True
Does 1006 divide 472533290?
True
Is 30 a factor of 4943760?
True
Is 647 a factor of 32045301?
False
Is 9 a factor of 44345628?
True
Is 1123785552 a multiple of 38?
True
Is 61 a factor of 3340848?
True
Is 483532014 a multiple of 827?
True
Is 530646840 a multiple of 17?
True
Is 2462 a factor of 6028539370?
True
Does 8195 divide 148903150?
True
Does 39 divide 559955409?
True
Does 7 divide 560589736?
True
Is 72787921 a multiple of 1108?
False
Is 581 a factor of 222301030?
False
Is 17 a factor of 426191707?
False
Is 6525908864 a multiple of 1411?
True
Does 274 divide 37376340?
True
Is 5 a factor of 10649158?
False
Is 41864504 a multiple of 2248?
True
Is 1165 a factor of 154916722?
False
Is 2548180659 a multiple of 5836?
False
Does 185 divide 2343567790?
True
Is 6917238 a multiple of 129?
True
Does 1056 divide 1235671336?
False
Is 47481066 a multiple of 38?
False
Is 52666304 a multiple of 164?
True
Is 26996029 a multiple of 331?
True
Is 90323248 a multiple of 2928?
False
Is 2913120 a multiple of 612?
True
Is 16609789 a multiple of 205?
False
Is 1389789597 a multiple of 777?
True
Is 5215 a factor of 509693240?
True
Is 23931444 a multiple of 204?
True
Does 16 divide 219838557?
False
Is 9205738 a multiple of 3709?
True
Is 18 a factor of 88547940?
True
Is 891 a factor of 1635182237?
False
Is 38 a factor of 2489641406?
False
Is 411 a factor of 7148231?
False
Does 68 divide 74934844?
True
Is 7186751 a multiple of 319?
True
Is 1775991842 a multiple of 9?
False
Is 11826942 a multiple of 393?
True
Does 170 divide 132622807?
False
Is 15162674 a multiple of 242?
False
Is 4134306 a multiple of 407?
True
Is 126302100 a multiple of 4332?
False
Is 75870090 a multiple of 1230?
True
Is 2329752348 a multiple of 451?
True
Does 14 divide 1039567522?
True
Is 486931434 a multiple of 22?
True
Is 41 a factor of 447966?
True
Does 65 divide 66496950?
True
Does 25 divide 3680568371?
False
Does 4 divide 332448092?
True
Is 7 a factor of 3794307?
False
Is 9 a factor of 1765917?
True
Does 18 divide 23261735?
False
Does 58 divide 4453759?
False
Does 5 divide 7042530?
True
Is 45828417 a multiple of 2229?
False
Is 25887804 a multiple of 1599?
False
Is 3 a factor of 599751902?
False
Is 692620127 a multiple of 5552?
False
Is 4216 a factor of 251534992?
True
Does 4 divide 6225888?
True
Is 486342280 a multiple of 3233?
False
Is 52 a factor of 130580450?
False
Is 29 a factor of 386828274?
True
Is 16914094 a multiple of 569?
True
Does 22 divide 255932622?
True
Is 1777962892 a multiple of 15?
False
Is 138968991 a multiple of 387?
True
Does 22 divide 123102169?
False
Does 4037 divide 154330473?
True
Is 670 a factor of 12709900?
True
Does 488 divide 334562670?
False
Does 8 divide 64917359?
False
Is 29725837 a multiple of 37?
True
Does 8593 divide 394990115?
False
Is 66771920 a multiple of 1360?
True
Is 2547 a factor of 170249121?
True
Is 507067 a multiple of 37?
False
Is 14512650 a multiple of 465?
True
Is 57308250 a multiple of 10?
True
Is 67651836 a multiple of 111?
True
Is 305 a factor of 2977403900?
True
Is 3062850645 a multiple of 3995?
True
Is 4 a factor of 206204012?
True
Does 123 divide 260946099?
True
Does 59 divide 932616717?
True
Does 403 divide 740458901?
True
Is 8 a factor of 461322536?
True
Does 478 divide 243108522?
False
Is 1405 a factor of 245723428?
False
Is 40 a factor of 2096621862?
False
Does 36 divide 100324728?
True
Is 219 a factor of 566898363?
True
Is 3 a factor of 58122090?
True
Is 8 a factor of 73426821?
False
Is 26 a factor of 522742090?
True
Does 1922 divide 154146322?
True
Is 298 a factor of 15655430?
True
Is 9415010 a multiple of 341?
True
Does 1430 divide 287460690?
False
Is 87 a factor of 12511232?
False
Is 774 a factor of 144771530?
False
Is 4370357264 a multiple of 1582?
True
Is 54 a factor of 35158319?
False
Does 10 divide 27904230?
True
Is 434961670 a multiple of 286?
True
Is 11 a factor of 6657156?
True
Is 698 a factor of 74447284?
True
Is 183 a factor of 8015400?
True
Is 4400320 a multiple of 32?
True
Does 6 divide 967376356?
False
Does 142 divide 663456447?
False
Is 89 a factor of 30713520?
False
Is 317213624 a multiple of 28?
True
Is 38369766 a multiple of 79?
False
Is 149 a factor of 6241707710?
False
Is 90 a factor of 100305859?
False
Does 98 divide 13894564?
False
Does 14 divide 10194810?
False
Does 974 divide 43807164?
